 -19 + 12 + (-1 - (-2 + 1)).
-7
Evaluate 6 + (2 + -1 - 7) - -10 - 0.
10
Calculate 20 - (12 - -28) - -30.
10
1 + 9 + 0 + -17
-7
Evaluate -15 - (0 + -19 - 3).
7
What is (81 - 77 - (0 + -2 + 3)) + 17?
20
-8 + (1 - (5 - 1))
-11
0 + -15 + (-59 - -57) + 20
3
What is (3 + 16 - 0) + (-2 - (-2 + 3))?
16
8 - 21 - -14 - (-2 + 9 - 2)
-4
Evaluate (10 - (6 - 23)) + -5 - (0 + 10).
12
Calculate 12 - (-9 + -11 - -39).
-7
What is -14 + 6 + -5 + 5 + -2 + 1?
-9
What is the value of (0 - 2) + (6 + 4 - 11) + -7?
-10
Calculate (11 - 2) + (-5 - 1).
3
What is the value of -1 + (41 - 43 - (0 + -8))?
5
44 + -1 + (-39 - -13)
17
Evaluate 0 - (4 + 4 + (-58 - -30)).
20
Calculate 5 + -2 + (13 - 11) + -4 + -2.
-1
3 + (-24 + 18 - (0 - (-1 - 3)))
-7
Evaluate -1 - (-18 - ((4 - 3) + -6)).
12
What is -8 + 6 - 27 - -3 - 12?
-38
What is the value of (9 - 18) + (-3 - 0) + -4 - 4?
-20
(-18 - -24 - (-3 + -3)) + 0
12
Evaluate -23 + (7 - 23) + 21.
-18
5 - (-11 - (16 - 23))
9
7 + (-2 - 9 - (6 - 4) - -4)
-2
2 + (1 - 7 - (157 + -154))
-7
22 - 13 - 7 - 3
-1
Calculate (-249 + 264 - (15 + 0)) + -11.
-11
Evaluate -17 + (-30 + 23 - -20).
-4
Evaluate 0 + (4 + -4 - -2) - (1 + -3).
4
What is 16 + (-30 + 5 - -24)?
15
Calculate (-5 + 18 - 14) + 11 + 2.
12
Evaluate -7 - (-13 + 18) - (5 - -4).
-21
Calculate 3 + -8 - (-5 + 2 - 7).
5
What is -15 - (-7 + (-14 - 1))?
7
Evaluate (18 + (12 - 6) - -3 - -4) + 6.
37
What is 269 - 276 - (-1 + 2) - (-5 - 2)?
-1
(-6 - (-37 - -8)) + -17 + 13
19
1 + -2 + -2 - -11 - 10
-2
Calculate -48 + (26 - -3) + 5.
-14
Calculate (0 - -4) + -14 + 1 + -5.
-14
What is (569 - 575) + -7 + 1 + -2?
-14
Evaluate 10 - (-14 + (11 - -7)).
6
Calculate 14 + -10 + 30 + -22.
12
Calculate 3 - (10 + -2 + (6 - (7 - -1))).
-3
What is -3 + (9 - (3 + 5) - (-13 + 5))?
6
What is -2 + -3 + -6 + 3 + 5 - 0?
-3
Calculate 131 + -143 - (-2 + (3 - 1)).
-12
-7 - (-44 + 20) - 3
14
Calculate -3 + 0 + -2 + -4 + (16 - 11).
-4
(-952 - -957) + 1 + -35
-29
1 - 0 - -6 - (18 + -7 + -10)
6
Calculate -8 + 2 + (0 - 2) - (0 - 24).
16
Evaluate 7 - 2 - (19 - (14 - 2)).
-2
What is the value of -14 - (9 - (8 - (10 - 6 - 7)))?
-12
Calculate 15 + -22 + 11 + -4 + 7.
7
Calculate -12 - -27 - (45 + (-12 - -4)).
-22
Calculate 32 + (35 - 26) + -29.
12
Evaluate 1 - ((11 - 12) + 12).
-10
Calculate 21 + -13 - (-6 + (-6 - -6)).
14
What is the value of 7 + 7 + -12 + -16?
-14
Evaluate 73 + -79 - (7 - 1).
-12
Calculate -2 + 2 + -7 + 12 + -32 + 23.
-4
What is the value of 5 + 0 + 12 + 3 + -10?
10
Evaluate 28 - (-4 + -15 + 34).
13
Evaluate 10 + (4 - (4 + 6 + (-13 - -6))).
11
Calculate (0 - -11) + -110 + 97 + 5.
3
(-16 - -13) + 1 + -6 - (-29 + 22)
-1
Evaluate 12 - (33 - (61 + -20)).
20
What is the value of 1 + -8 - (100 - 117)?
10
What is 10 + -1 + -24 + 18 + 5?
8
7 + (-1 - 5) - (4 - (-4 - -5))
-2
(-3 - -2) + (2 - (13 + -21))
9
What is the value of 47 + (27 - 46) + -2?
26
5 + (-3 - 40) + 20
-18
(-56 - -14 - -1) + -1 - -3
-39
Calculate 1 + (10 - (-2 - -7)) + 2 + -14.
-6
Evaluate 2 - (-1 + 6 + (-23 - -3)).
17
Evaluate 13 + -2 + (31 - 78) + 46.
10
7 + 1 + -2 - (44 + -14 - 19)
-5
-20 - (-35 + 7 + 6)
2
What is the value of (-183 - -174) + 0 + 1?
-8
13 + -16 + -17 + 37
17
What is (0 - -3 - 0) + (-5 + 6 - -8)?
12
What is -1258 - -1312 - (25 + -1)?
30
Evaluate 38 - (5 + 22) - 0.
11
Evaluate (120 - 141) + (14 - 2).
-9
Evaluate 23 - (10 + -3 + (-12 - -10)).
18
-1 - (-2 + (11 - -2) - (41 - 39))
-10
-31 + -1 + (-209 - -215)
-26
Evaluate (-48 - -86) + (5 - 50).
-7
What is the value of 66 + -73 + -2 + 6 + -3?
-6
What is the value of 5 + -1 + (12 - 2 - 6) + 2?
10
Evaluate -32 - 3 - (0 - (-35 + 42)).
-28
Evaluate 9 + (-1 - (41 + -9) - -12).
-12
What is the value of (16 - (16 + -13)) + 2 + 8?
23
Calculate -17 + (44 - (14 + 2)).
11
-1 - 11 - (208 + -212)
-8
Evaluate (-2 - -2) + (11 + -13 - -1) + -6.
-7
26 + -1 - (546 + -545)
24
Evaluate 31 - (-35 - -67 - -4).
-5
Calculate -2 - (22 - 9 - 30).
15
What is (-1 + 1 + (-7 - -4) - 3) + 2?
-4
(49 - 1) + (381 - 405)
24
(-115 - -116) + (1 - 5)
-3
Calculate 10 + -7 + (3 - 2) + -20 + 24.
8
What is the value of -8 + (-1 - (3 - 6 - 4)) - -15?
13
Calculate 23 + 1 + (65 - 74) + 0 + 3.
18
What is 0 + 1 + -7 - -1?
-5
Calculate (2 - -7) + 1 + (-25 - -28).
13
-10 - 0 - (-12 + 52 + -50)
0
Evaluate -7 - -3 - (-9 + 8 + -8).
5
Calculate -4 + -3 + -4 + -11 - -6.
-16
Evaluate (13 - (29 - 14)) + (1 - 4).
-5
Calculate 6 - 5 - ((1 - -1) + (6 - 1)).
-6
Calculate -2 + (1 - (-14 + 13)).
0
What is the value of (0 - -26) + (-32 - (-28 + (-27 - -26)))?
23
What is -10 + (24 - 23) + (6 + -7 - -4)?
-6
What is 0 - (-5 - (-24 + (5 - (5 + -3))))?
-16
What is (395 - 377) + 1 + -22?
-3
13 + (16 - 34) + 11 - 15
-9
What is (-28 - -52) + -60 - (1 + -12)?
-25
(0 - -1 - (41 - 40)) + 1 + 6
7
Calculate -8 - (-6 - (0 - (-6 - 0))).
4
Evaluate (12 + -10 - 3) + 9 + (-2 - -1).
7
What is 2 + 14 + -39 + (9 - -6)?
-8
Calculate (16 - 19) + -3 + 2 - -12.
8
What is 63 + -47 - (6 - 4)?
14
What is -4 + (1 + -5 - (-2 - -6))?
-12
Evaluate 18 + 6 + -7 - (2 + 1 + 4).
10
What is the value of (5 - (39 + -2)) + 38?
6
Calculate (-59 - -63) + (-3 + -2 + 2 - 3).
-2
Evaluate (-1 + -15 - (64 + -63)) + 5.
-12
Evaluate -14 + 15 + -9 - -16.
8
(-46 - -16 - -20) + -8
-18
Calculate -2 + 0 + (-10 - 4 - -31).
15
Calculate (-3 - -1) + (-5 + -11 + -1 - -12).
-7
Calculate -9 + 0 - (2 - (-11 - -16)).
-6
What is 1 + -7 + 1 + (-4 - 4) + -1?
-14
Evaluate 0 + 12 - 1 - (14 + -17).
14
What is the value of (-5 - -4) + (2 + 5 - -2) + -4?
4
-24 + 0 + 22 + -33
-35
Evaluate -10 - (-7 + 3 - 4 - -2).
-4
What is -14 - (-10 + -6) - (5 + 5)?
-8
-6 - (33 - 15) - -2
-22
What is (-52 - -1) + (-268 - -310)?
-9
Calculate 0 + 25 - (76 - 65).
14
Calculate 6 + 0 + -3 + (13 + -2 - 5).
9
Calculate 7 + (-8 - 5) + (-5 - -5).
-6
Evaluate 9 - 2 - (-3 - (-6 + -2 + -7)).
-5
Evaluate (12 - 2) + -7 + (9 - -3).
15
Calculate (-1 - (-8 + 5 + 0)) + 1.
3
Calculate -19 - -60 - (25 - 12).
28
What is (7 + -4 + -1 - (0 + -2)) + -1?
3
Evaluate 90 + -96 + -3 + -2.
-11
What is the value of (51 + 4 - 26) + -23?
6
Calculate -1 + 1 - (-6 - (-12 + 8)).
2
Evaluate 10 + -1 + -23 + 21 + (17 - 18).
6
What is the value of 9 + 2 - ((59 - -10) + -21) - -8?
-29
Evaluate 16 + (35 + -18 - 18).
15
24 + (0 + -8 - (-6 + 8))
14
-18 - -21 - (-9 + 4)
8
What is 11 - ((9 - 17) + (3 - 2))?
18
4 + 7 + -14 + -3
-6
What is 7 - 1 - -1 - (-4 + 6)?
5
Calculate 1 - (33 + (-24 - -17)).
-25
What is -85 + 98 - ((27 - -7) + -6)?
-15
Calculate -20 + (31 - (9 - 28)).
30
Calculate 11 - (-4 + 2 + 9 - -8).
-4
-12 + 7 + (-9 - -8) + 6
0
Evaluate (-6 - -13) + 5 + (10 - 15).
7
Evaluate -10 + 10 + -3 + -9.
-12
Evaluate -10 + (8 - 2) - (-86 + 92).
-10
What is the value of (2 - (-4 - 19)) + 10 + -22?
13
What is the value of (0 - 1) + -5 - (18 - (38 + -20))?
-6
Calculate (12 + -6 - 6) + -2 + 6.
4
Evaluate 5 - (50 - (-10 + 39)).
-16
What is the value of 27 - (15 - (17 + -19))?
10
Calculate (8 - 12) + (10 - 13) + -5 + 6.
-6
-6 - (-6 + 7 + -11)
4
Evaluate -9 + 12 + (3 - 16 - (4 + 1)).
-15
(-3 - 4) + (-64 - -59) + (0 - -15)
3
Evaluate -14 - (1 - 27 - -29).
-17
7 - ((-7 - -4) + 5 + -8)
13
What is the value of -49 + -14 + 15 - -59?
11
(24 - (-10 + 9) - 10) + 3
18
What is (-21 - -18 - 9) + 15?
3
Calculate 1 + 1 + (-5 - -41 - 49).
-11
What is (7 - (-15 + 4)) + -11?
7
What is the value of -20 + 26 + ((-38 - -5) + 6 - -4)?
-17
-1 + 18 + -1 + (-6 + -3 - -4)
11
What is the value of -3 + (2 - 0) + 21 + -19 + 4?
5
What is -2 + 1 + -3 + (23 - (-17 - -25))?
11
What is (-10 - -9 - (4 + 1 + -9)) + -9?
-6
What is the value of (7 - (-4 + (-7 - -5)) - -3) + -6?
10
What is the value of -14 + 5 + (4 - -11) + -5 - -5?
6
What is the value of (-6 - ((-2 - -11) + -6)) + 2 + 0?
-7
Calculate -1 - (-3 - -13 - (-6 - -27)).
10
Calculate 23 - (-20 + (0 - -38)).
5
Evaluate -18 + (4 - 46 - -67).
7
What is 5 - (-5 + 9) - (-2 - 3)?
6
What is the value of (47 - (-1 - -1)) + (-7810 - -7794)?
31
What is the value of 7 + 0 + (-12 + 9 + -4 - -2)?
2
What is -12 - (-4 + -15 - -9) - 4?
-6
Calculate 0 + -25 - 1 - (19 - (-8 - -23)).
-30
Calculate (8 - 18 - (-10 - -3)) + (9 - 4).
2
What is the value of (3 - 2) + 139 + -149?
-9
What is the value of (-4 - (0 - (1 + -3))) + (85 - 75)?
4
What is (-20 - -10) + 13 - 19?
-16
(6 - 4) + 2 + -28 + (-22 - -13)
-33
7 + (-2 - -2 - (13 + -14))
8
4 + 10 - (0 + 11 + -9)
12
What is the value of -2